{"id":445,"date":"2023-12-30T18:03:42","date_gmt":"2023-12-30T17:03:42","guid":{"rendered":"https:\/\/psychologue.contact\/?page_id=445"},"modified":"2023-12-30T18:03:58","modified_gmt":"2023-12-30T17:03:58","slug":"therapie-de-couple","status":"publish","type":"page","link":"https:\/\/psychologue.contact\/?page_id=445","title":{"rendered":"Th\u00e9rapie de couple"},"content":{"rendered":"\n<div class=\"wp-block-cover alignfull is-light\" style=\"min-height:600px\"><span aria-hidden=\"true\" class=\"wp-block-cover__background has-background-dim-40 has-background-dim\"><\/span><img loading=\"lazy\" decoding=\"async\" width=\"2560\" height=\"1707\" class=\"wp-block-cover__image-background wp-image-449\" alt=\"\" src=\"https:\/\/psychologue.contact\/wp-content\/uploads\/2023\/12\/pexels-lisa-fotios-1125347-scaled.jpg\" style=\"object-position:49% 90%\" data-object-fit=\"cover\" data-object-position=\"49% 90%\" srcset=\"https:\/\/psychologue.contact\/wp-content\/uploads\/2023\/12\/pexels-lisa-fotios-1125347-scaled.jpg 2560w, https:\/\/psychologue.contact\/wp-content\/uploads\/2023\/12\/pexels-lisa-fotios-1125347-300x200.jpg 300w, https:\/\/psychologue.contact\/wp-content\/uploads\/2023\/12\/pexels-lisa-fotios-1125347-1024x683.jpg 1024w, https:\/\/psychologue.contact\/wp-content\/uploads\/2023\/12\/pexels-lisa-fotios-1125347-768x512.jpg 768w, https:\/\/psychologue.contact\/wp-content\/uploads\/2023\/12\/pexels-lisa-fotios-1125347-1536x1024.jpg 1536w, https:\/\/psychologue.contact\/wp-content\/uploads\/2023\/12\/pexels-lisa-fotios-1125347-2048x1365.jpg 2048w, https:\/\/psychologue.contact\/wp-content\/uploads\/2023\/12\/pexels-lisa-fotios-1125347-2000x1333.jpg 2000w, https:\/\/psychologue.contact\/wp-content\/uploads\/2023\/12\/pexels-lisa-fotios-1125347-760x507.jpg 760w, https:\/\/psychologue.contact\/wp-content\/uploads\/2023\/12\/pexels-lisa-fotios-1125347-370x247.jpg 370w\" sizes=\"(max-width: 2560px) 100vw, 2560px\" \/><div class=\"wp-block-cover__inner-container is-layout-flow wp-block-cover-is-layout-flow\">\n<h2 class=\"wp-block-heading has-text-align-center o-typing-delay-500ms o-typing-fast has-white-color has-text-color\" style=\"font-size:70px\"><o-anim-typing>Th\u00e9rapie de couple<\/o-anim-typing><\/h2>\n<\/div><\/div>\n\n\n\n<h2 class=\"wp-block-heading\">Th\u00e9rapie de couple : pourquoi consulter ?<\/h2>\n\n\n\n<p style=\"font-size:16px\">Lorsqu&#8217;un couple est en situation de crise, il n&#8217;arrive plus \u00e0 communiquer. La plupart des rapports au quotidien sont conflictuels et on ne parvient pas \u00e0 s&#8217;entendre mutuellement. Les discussions deviennent rapidement des disputes. Les tensions \u00e0 r\u00e9p\u00e9tition entra\u00eenent des frustrations qui font que le couple n&#8217;arrive plus \u00e0 trouver de solution acceptable par l&#8217;un et par l&#8217;autre. Alors chaque acte ou parole peut-\u00eatre ressenti comme une agression et v\u00e9cus avec appr\u00e9hension et chacun rejette sur l&#8217;autre la responsabilit\u00e9 du dysfonctionnement.<\/p>\n\n\n\n<p style=\"font-size:16px\">Votre th\u00e9rapeute de couple peut vous aider.<\/p>\n\n\n\n<p style=\"font-size:16px\">Votre psychologue n&#8217;est pas un arbitre entre vous. Sa fonction est de prendre soin de votre relation. Il va vous aider \u00e0 verbaliser les points de vue de chacun et les attentes l&#8217;un envers l&#8217;autre. Chaque partenaire sera entendu et compris dans l&#8217;expression de sa souffrance et il sera propos\u00e9 de s&#8217;exprimer sur ses insatisfactions r\u00e9ciproques dans votre relation. Vous serez amen\u00e9s \u00e0 \u00e9noncer l&#8217;histoire de votre couple, ses fondements et son fonctionnement. En filigrane, appara\u00eetra le v\u00e9cu et le pass\u00e9 de chacun dont certains \u00e9l\u00e9ments peuvent \u00e9clairer ce qui se joue entre vous. Car dans la formation d&#8217;un couple, chacun vient avec ce qu&#8217;il est.<\/p>\n\n\n\n<p style=\"font-size:16px\">Enfin, votre th\u00e9rapeute pourra vous permettre de comprendre les r\u00e9actions de l&#8217;un envers l&#8217;autre, d&#8217;analyser les dysfonctionnements. Puis vous incitera \u00e0 r\u00e9organiser les \u00e9changes et \u00e0 r\u00e9am\u00e9nager les modalit\u00e9s de relation de votre couple, ceci afin d&#8217;op\u00e9rer les changements satisfaisants et durables.<\/p>\n\n\n\n<p class=\"has-medium-font-size\">Appeler au <strong>06 15 44 73 36<\/strong><\/p>\n\n\n\n<div style=\"height:100px\" aria-hidden=\"true\" class=\"wp-block-spacer\"><\/div>\n","protected":false},"excerpt":{"rendered":"<p>Th\u00e9rapie de couple : pourquoi consulter ? Lorsqu&#8217;un couple est en situation de crise, il n&#8217;arrive plus \u00e0 communiquer. La plupart des rapports au quotidien sont conflictuels et on ne parvient pas \u00e0 s&#8217;entendre mutuellement. Les discussions deviennent rapidement des disputes. Les tensions \u00e0 r\u00e9p\u00e9tition entra\u00eenent des frustrations qui font que le couple n&#8217;arrive plus &hellip; <\/p>\n<p class=\"link-more\"><a href=\"https:\/\/psychologue.contact\/?page_id=445\" class=\"more-link\">Read more<span class=\"screen-reader-text\"> &#8220;Th\u00e9rapie de couple&#8221;<\/span><\/a><\/p>\n","protected":false},"author":2,"featured_media":0,"parent":0,"menu_order":0,"comment_status":"closed","ping_status":"closed","template":"","meta":{"footnotes":""},"_links":{"self":[{"href":"https:\/\/psychologue.contact\/index.php?rest_route=\/wp\/v2\/pages\/445"}],"collection":[{"href":"https:\/\/psychologue.contact\/index.php?rest_route=\/wp\/v2\/pages"}],"about":[{"href":"https:\/\/psychologue.contact\/index.php?rest_route=\/wp\/v2\/types\/page"}],"author":[{"embeddable":true,"href":"https:\/\/psychologue.contact\/index.php?rest_route=\/wp\/v2\/users\/2"}],"replies":[{"embeddable":true,"href":"https:\/\/psychologue.contact\/index.php?rest_route=%2Fwp%2Fv2%2Fcomments&post=445"}],"version-history":[{"count":2,"href":"https:\/\/psychologue.contact\/index.php?rest_route=\/wp\/v2\/pages\/445\/revisions"}],"predecessor-version":[{"id":452,"href":"https:\/\/psychologue.contact\/index.php?rest_route=\/wp\/v2\/pages\/445\/revisions\/452"}],"wp:attachment":[{"href":"https:\/\/psychologue.contact\/index.php?rest_route=%2Fwp%2Fv2%2Fmedia&parent=445"}],"curies":[{"name":"wp","href":"https:\/\/api.w.org\/{rel}","templated":true}]}}